{"id":944,"date":"2023-10-10T16:19:52","date_gmt":"2023-10-10T14:19:52","guid":{"rendered":"http:\/\/www.dev.sport28.fr\/?page_id=944"},"modified":"2023-11-13T11:15:47","modified_gmt":"2023-11-13T10:15:47","slug":"les-collectivites-labellisees-terre-des-jeux-2024","status":"publish","type":"page","link":"https:\/\/www.sport28.fr\/index.php\/les-collectivites-labellisees-terre-des-jeux-2024\/","title":{"rendered":"Nos labellis\u00e9s d\u2019Eure-et-Loir"},"content":{"rendered":"\t\t<div data-elementor-type=\"wp-page\" data-elementor-id=\"944\" class=\"elementor elementor-944\" data-elementor-post-type=\"page\">\n\t\t\t\t<div class=\"elementor-element elementor-element-cd52108 e-flex e-con-boxed e-con e-parent\" data-id=\"cd52108\" data-element_type=\"container\" data-e-type=\"container\">\n\t\t\t\t\t<div class=\"e-con-inner\">\n\t\t<div class=\"elementor-element elementor-element-1895be6 e-con-full e-flex e-con e-child\" data-id=\"1895be6\" data-element_type=\"container\" data-e-type=\"container\">\n\t\t\t\t<div class=\"elementor-element elementor-element-eaf491a elementor-invisible elementor-widget elementor-widget-image\" data-id=\"eaf491a\" data-element_type=\"widget\" data-e-type=\"widget\" data-settings=\"{&quot;_animation&quot;:&quot;zoomIn&quot;}\" data-widget_type=\"image.default\">\n\t\t\t\t<div class=\"elementor-widget-container\">\n\t\t\t\t\t\t\t\t\t\t\t\t\t\t\t\t<a href=\"https:\/\/terredejeux.paris2024.org\/\" target=\"_blank\">\n\t\t\t\t\t\t\t<img decoding=\"async\" src=\"https:\/\/www.sport28.fr\/wp-content\/uploads\/elementor\/thumbs\/csm_Terre_de_Jeux_2024_fond_blanc_999a3382bc-qdnsswhcq5jgpyiz3xj36dv9qo5wgtnkx7dbz88u60.png\" title=\"csm_Terre_de_Jeux_2024_fond_blanc_999a3382bc\" alt=\"csm_Terre_de_Jeux_2024_fond_blanc_999a3382bc\" loading=\"lazy\" \/>\t\t\t\t\t\t\t\t<\/a>\n\t\t\t\t\t\t\t\t\t\t\t\t\t\t\t<\/div>\n\t\t\t\t<\/div>\n\t\t\t\t<\/div>\n\t\t<div class=\"elementor-element elementor-element-5c79e51 e-con-full e-flex e-con e-child\" data-id=\"5c79e51\" data-element_type=\"container\" data-e-type=\"container\">\n\t\t\t\t<div class=\"elementor-element elementor-element-cb16f59 elementor-invisible elementor-widget elementor-widget-image\" data-id=\"cb16f59\" data-element_type=\"widget\" data-e-type=\"widget\" data-settings=\"{&quot;_animation&quot;:&quot;zoomIn&quot;}\" data-widget_type=\"image.default\">\n\t\t\t\t<div class=\"elementor-widget-container\">\n\t\t\t\t\t\t\t\t\t\t\t\t\t\t\t\t<a href=\"https:\/\/generation.paris2024.org\/label-generation-2024\" target=\"_blank\">\n\t\t\t\t\t\t\t<img fetchpriority=\"high\" decoding=\"async\" width=\"500\" height=\"498\" src=\"https:\/\/www.sport28.fr\/wp-content\/uploads\/2023\/10\/gen24_label_cmjn_poly-2fab0.jpg\" class=\"attachment-large size-large wp-image-965\" alt=\"\" srcset=\"https:\/\/www.sport28.fr\/wp-content\/uploads\/2023\/10\/gen24_label_cmjn_poly-2fab0.jpg 500w, https:\/\/www.sport28.fr\/wp-content\/uploads\/2023\/10\/gen24_label_cmjn_poly-2fab0-300x300.jpg 300w, https:\/\/www.sport28.fr\/wp-content\/uploads\/2023\/10\/gen24_label_cmjn_poly-2fab0-150x150.jpg 150w\" sizes=\"(max-width: 500px) 100vw, 500px\" \/>\t\t\t\t\t\t\t\t<\/a>\n\t\t\t\t\t\t\t\t\t\t\t\t\t\t\t<\/div>\n\t\t\t\t<\/div>\n\t\t\t\t<\/div>\n\t\t<div class=\"elementor-element elementor-element-e9f6835 e-con-full e-flex e-con e-child\" data-id=\"e9f6835\" data-element_type=\"container\" data-e-type=\"container\">\n\t\t\t\t<div class=\"elementor-element elementor-element-d22972b elementor-invisible elementor-widget elementor-widget-image\" data-id=\"d22972b\" data-element_type=\"widget\" data-e-type=\"widget\" data-settings=\"{&quot;_animation&quot;:&quot;zoomIn&quot;}\" data-widget_type=\"image.default\">\n\t\t\t\t<div class=\"elementor-widget-container\">\n\t\t\t\t\t\t\t\t\t\t\t\t\t\t\t\t<a href=\"https:\/\/olympiade-culturelle.paris2024.org\/\">\n\t\t\t\t\t\t\t<img decoding=\"async\" src=\"https:\/\/www.sport28.fr\/wp-content\/uploads\/elementor\/thumbs\/placeholder-qdnssulochgw2qlpewpu1eccjwf61fg48y2d0obmig.webp\" title=\"placeholder\" alt=\"placeholder\" loading=\"lazy\" \/>\t\t\t\t\t\t\t\t<\/a>\n\t\t\t\t\t\t\t\t\t\t\t\t\t\t\t<\/div>\n\t\t\t\t<\/div>\n\t\t\t\t<\/div>\n\t\t<div class=\"elementor-element elementor-element-e14e9aa e-con-full e-flex e-con e-child\" data-id=\"e14e9aa\" data-element_type=\"container\" data-e-type=\"container\">\n\t\t\t\t<div class=\"elementor-element elementor-element-3a964e6 elementor-invisible elementor-widget elementor-widget-image\" data-id=\"3a964e6\" data-element_type=\"widget\" data-e-type=\"widget\" data-settings=\"{&quot;_animation&quot;:&quot;zoomIn&quot;}\" data-widget_type=\"image.default\">\n\t\t\t\t<div class=\"elementor-widget-container\">\n\t\t\t\t\t\t\t\t\t\t\t\t\t\t\t<img decoding=\"async\" src=\"https:\/\/www.sport28.fr\/wp-content\/uploads\/elementor\/thumbs\/Capture-decran-2023-10-10-163851-qdnsw9qj7s5gbnmufvxym19qddk91s0ydviyvx91vc.png\" title=\"Capture d&rsquo;\u00e9cran 2023-10-10 163851\" alt=\"Capture d&#039;\u00e9cran 2023-10-10 163851\" loading=\"lazy\" \/>\t\t\t\t\t\t\t\t\t\t\t\t\t\t\t<\/div>\n\t\t\t\t<\/div>\n\t\t\t\t<\/div>\n\t\t\t\t\t<\/div>\n\t\t\t\t<\/div>\n\t\t<div class=\"elementor-element elementor-element-4fb31a6 e-flex e-con-boxed elementor-invisible e-con e-parent\" data-id=\"4fb31a6\" data-element_type=\"container\" data-e-type=\"container\" data-settings=\"{&quot;animation&quot;:&quot;lightSpeedIn&quot;}\">\n\t\t\t\t\t<div class=\"e-con-inner\">\n\t\t<div class=\"elementor-element elementor-element-8cd4ce3 e-con-full e-flex e-con e-child\" data-id=\"8cd4ce3\" data-element_type=\"container\" data-e-type=\"container\">\n\t\t\t\t<div class=\"elementor-element elementor-element-5993a25 elementor-widget elementor-widget-text-editor\" data-id=\"5993a25\" data-element_type=\"widget\" data-e-type=\"widget\" data-widget_type=\"text-editor.default\">\n\t\t\t\t<div class=\"elementor-widget-container\">\n\t\t\t\t\t\t\t\t\t<p><span>Le label\u00a0<\/span><a href=\"https:\/\/www.facebook.com\/hashtag\/terredejeux2024?__eep__=6&amp;__cft__%5b0%5d=AZUhPi9aXWIa0IThrD82oT2acQwLiAtDENUKob7Ycj-degHe3SBoX6kqZ5Ajb58KahiPpBUUPgIBQfd8h5W5SYiohrEFQPeh_IbeeYcJ6QfjsdheUAKoKyPkrpwZLpeCH9yMJG1Btgrt44UG6J7broMUHYGzw2BmJUgyE4FtSa1rpNqQ_mB9NxWH8a7ofhPxOqs&amp;__tn__=*NK-R\">#TerredeJeux2024<\/a><span>\u00a0: Il vise tous les territoires et l\u2019ensemble du mouvement sportif d\u00e9sireux de participer \u00e0 l\u2019aventure Olympique et Paralympique. En Eure-et-Loir, de nombreuses structures, communes et communaut\u00e9s de communes sont labellis\u00e9es, dont le CDOS, bien-s\u00fbr.<\/span><\/p>\t\t\t\t\t\t\t\t<\/div>\n\t\t\t\t<\/div>\n\t\t\t\t<\/div>\n\t\t<div class=\"elementor-element elementor-element-714c736 e-con-full e-flex e-con e-child\" data-id=\"714c736\" data-element_type=\"container\" data-e-type=\"container\">\n\t\t\t\t<div class=\"elementor-element elementor-element-59ea31f elementor-widget elementor-widget-text-editor\" data-id=\"59ea31f\" data-element_type=\"widget\" data-e-type=\"widget\" data-widget_type=\"text-editor.default\">\n\t\t\t\t<div class=\"elementor-widget-container\">\n\t\t\t\t\t\t\t\t\t<p><span>Le label #G\u00e9n\u00e9ration2024 : Il est \u00e0 destination des \u00e9tablissements scolaires et universitaires et vise \u00e0 d\u00e9velopper les passerelles entre monde scolaire et mouvement sportif. La finalit\u00e9 est d\u2019encourager la pratique d\u2019une activit\u00e9 physique et sportive chez les jeunes. De nombreux \u00e9tablissements en Eure-et-Loir ont d\u00e9j\u00e0 adh\u00e9r\u00e9 au projet.<\/span><\/p>\t\t\t\t\t\t\t\t<\/div>\n\t\t\t\t<\/div>\n\t\t\t\t<\/div>\n\t\t<div class=\"elementor-element elementor-element-6dc73b2 e-con-full e-flex e-con e-child\" data-id=\"6dc73b2\" data-element_type=\"container\" data-e-type=\"container\">\n\t\t\t\t<div class=\"elementor-element elementor-element-5748ea4 elementor-widget elementor-widget-text-editor\" data-id=\"5748ea4\" data-element_type=\"widget\" data-e-type=\"widget\" data-widget_type=\"text-editor.default\">\n\t\t\t\t<div class=\"elementor-widget-container\">\n\t\t\t\t\t\t\t\t\t<p><span>Le label #Olympiade culturelle : L\u2019objectif est de mettre en lien pratique artistique et culture sportive, sur des bases communes. Excellence, inclusion et diversit\u00e9 culturelle seront mises en avant dans la programmation culturelle qui se dessine. La f\u00eate est amen\u00e9e \u00e0 se prolonger jusqu\u2019\u00e0 septembre 2024.<\/span><\/p>\t\t\t\t\t\t\t\t<\/div>\n\t\t\t\t<\/div>\n\t\t\t\t<\/div>\n\t\t<div class=\"elementor-element elementor-element-e18319f e-con-full e-flex e-con e-child\" data-id=\"e18319f\" data-element_type=\"container\" data-e-type=\"container\">\n\t\t\t\t<div class=\"elementor-element elementor-element-436de86 elementor-widget elementor-widget-text-editor\" data-id=\"436de86\" data-element_type=\"widget\" data-e-type=\"widget\" data-widget_type=\"text-editor.default\">\n\t\t\t\t<div class=\"elementor-widget-container\">\n\t\t\t\t\t\t\t\t\t<p>Pour faire vivre et animer tous les secteurs labellis\u00e9s, le CDOS d&rsquo;Eure-et-Loir et le CROS Centre-Val de Loire met de nombreux outils et moyens \u00e0 disposition. Tous les membres du mouvement sportif r\u00e9gional, structures et collectivit\u00e9s labellis\u00e9es G\u00e9n\u00e9ration 2024 ou Terre de Jeux 2024 sont concern\u00e9s.<\/p><p>Le CROS met \u00e0 disposition plusieurs expositions sur les Jeux Olympiques et ses valeurs, pr\u00eate des mallettes p\u00e9dagogiques. Des interventions sont \u00e9galement possibles, sans oublier des rendez-vous sp\u00e9cifiques. Des sessions de formation \u00ab animateur olympique \u00bb, sont mises en place d\u00e8s l\u2019automne 2022.<\/p>\t\t\t\t\t\t\t\t<\/div>\n\t\t\t\t<\/div>\n\t\t\t\t<\/div>\n\t\t\t\t\t<\/div>\n\t\t\t\t<\/div>\n\t\t<div class=\"elementor-element elementor-element-759fa11 e-flex e-con-boxed e-con e-parent\" data-id=\"759fa11\" data-element_type=\"container\" data-e-type=\"container\">\n\t\t\t\t\t<div class=\"e-con-inner\">\n\t\t<div class=\"elementor-element elementor-element-4e4a695 e-con-full e-flex e-con e-child\" data-id=\"4e4a695\" data-element_type=\"container\" data-e-type=\"container\">\n\t\t\t\t<div class=\"elementor-element elementor-element-0b8a0f0 elementor-widget elementor-widget-text-editor\" data-id=\"0b8a0f0\" data-element_type=\"widget\" data-e-type=\"widget\" data-widget_type=\"text-editor.default\">\n\t\t\t\t<div class=\"elementor-widget-container\">\n\t\t\t\t\t\t\t\t\t<h2><br><\/h2><h2>H\u00e9ritage Paris 2024 &#8211; Eure-et-Loir<\/h2>\n<p><span>L\u00e9gendes :<\/span><\/p>\n<p><img decoding=\"async\" src=\"https:\/\/www.sport28.fr\/images\/institutionnelle\/Paris%202024\/Puce%20verte.png\" width=\"30\">Etablissements scolaires \u00ab\u00a0G\u00e9n\u00e9ration 2024\u00a0\u00bb<\/p>\n<p><img decoding=\"async\" src=\"https:\/\/www.sport28.fr\/images\/institutionnelle\/Paris%202024\/Puce%20noir.png\" width=\"30\">Collectivit\u00e9s \u00ab\u00a0Terres de Jeux 2024\u00a0\u00bb<\/p>\t\t\t\t\t\t\t\t<\/div>\n\t\t\t\t<\/div>\n\t\t\t\t<\/div>\n\t\t<div class=\"elementor-element elementor-element-5fb7f8c e-con-full e-flex e-con e-child\" data-id=\"5fb7f8c\" data-element_type=\"container\" data-e-type=\"container\">\n\t\t\t\t<div class=\"elementor-element elementor-element-2d6e892 elementor-widget elementor-widget-text-editor\" data-id=\"2d6e892\" data-element_type=\"widget\" data-e-type=\"widget\" data-widget_type=\"text-editor.default\">\n\t\t\t\t<div class=\"elementor-widget-container\">\n\t\t\t\t\t\t\t\t\t<iframe src=\"https:\/\/www.google.com\/maps\/d\/embed?mid=1KHx_kfChSXY_sJxCcnguBPpk39WOANpp&#038;ehbc=2E312F\" width=\"640\" height=\"480\"><\/iframe>\t\t\t\t\t\t\t\t<\/div>\n\t\t\t\t<\/div>\n\t\t\t\t<\/div>\n\t\t\t\t\t<\/div>\n\t\t\t\t<\/div>\n\t\t\t\t<\/div>\n\t\t","protected":false},"excerpt":{"rendered":"<p>Le label\u00a0#TerredeJeux2024\u00a0: Il vise tous les territoires et l\u2019ensemble du mouvement sportif d\u00e9sireux de participer \u00e0 l\u2019aventure Olympique et Paralympique. En Eure-et-Loir, de nombreuses structures, communes et communaut\u00e9s de communes [&hellip;]<\/p>\n","protected":false},"author":1,"featured_media":0,"parent":0,"menu_order":0,"comment_status":"closed","ping_status":"closed","template":"page-templates\/template-pagebuilder-full-width.php","meta":{"footnotes":""},"class_list":["post-944","page","type-page","status-publish","hentry"],"yoast_head":"<!-- This site is optimized with the Yoast SEO plugin v27.5 - https:\/\/yoast.com\/product\/yoast-seo-wordpress\/ -->\n<title>Nos labellis\u00e9s d\u2019Eure-et-Loir - CDOS 28<\/title>\n<meta name=\"robots\" content=\"index, follow, max-snippet:-1, max-image-preview:large, max-video-preview:-1\" \/>\n<link rel=\"canonical\" href=\"https:\/\/www.sport28.fr\/index.php\/les-collectivites-labellisees-terre-des-jeux-2024\/\" \/>\n<meta property=\"og:locale\" content=\"fr_FR\" \/>\n<meta property=\"og:type\" content=\"article\" \/>\n<meta property=\"og:title\" content=\"Nos labellis\u00e9s d\u2019Eure-et-Loir - CDOS 28\" \/>\n<meta property=\"og:description\" content=\"Le label\u00a0#TerredeJeux2024\u00a0: Il vise tous les territoires et l\u2019ensemble du mouvement sportif d\u00e9sireux de participer \u00e0 l\u2019aventure Olympique et Paralympique. En Eure-et-Loir, de nombreuses structures, communes et communaut\u00e9s de communes [&hellip;]\" \/>\n<meta property=\"og:url\" content=\"https:\/\/www.sport28.fr\/index.php\/les-collectivites-labellisees-terre-des-jeux-2024\/\" \/>\n<meta property=\"og:site_name\" content=\"CDOS 28\" \/>\n<meta property=\"article:publisher\" content=\"https:\/\/www.facebook.com\/CDOS28?locale=fr_FR\" \/>\n<meta property=\"article:modified_time\" content=\"2023-11-13T10:15:47+00:00\" \/>\n<meta property=\"og:image\" content=\"http:\/\/www.dev.sport28.fr\/wp-content\/uploads\/elementor\/thumbs\/csm_Terre_de_Jeux_2024_fond_blanc_999a3382bc-qdnsswhcq5jgpyiz3xj36dv9qo5wgtnkx7dbz88u60.png\" \/>\n<meta name=\"twitter:card\" content=\"summary_large_image\" \/>\n<meta name=\"twitter:label1\" content=\"Dur\u00e9e de lecture estim\u00e9e\" \/>\n\t<meta name=\"twitter:data1\" content=\"3 minutes\" \/>\n<script type=\"application\/ld+json\" class=\"yoast-schema-graph\">{\"@context\":\"https:\\\/\\\/schema.org\",\"@graph\":[{\"@type\":\"WebPage\",\"@id\":\"https:\\\/\\\/www.sport28.fr\\\/index.php\\\/les-collectivites-labellisees-terre-des-jeux-2024\\\/\",\"url\":\"https:\\\/\\\/www.sport28.fr\\\/index.php\\\/les-collectivites-labellisees-terre-des-jeux-2024\\\/\",\"name\":\"Nos labellis\u00e9s d\u2019Eure-et-Loir - CDOS 28\",\"isPartOf\":{\"@id\":\"https:\\\/\\\/www.sport28.fr\\\/#website\"},\"primaryImageOfPage\":{\"@id\":\"https:\\\/\\\/www.sport28.fr\\\/index.php\\\/les-collectivites-labellisees-terre-des-jeux-2024\\\/#primaryimage\"},\"image\":{\"@id\":\"https:\\\/\\\/www.sport28.fr\\\/index.php\\\/les-collectivites-labellisees-terre-des-jeux-2024\\\/#primaryimage\"},\"thumbnailUrl\":\"http:\\\/\\\/www.dev.sport28.fr\\\/wp-content\\\/uploads\\\/elementor\\\/thumbs\\\/csm_Terre_de_Jeux_2024_fond_blanc_999a3382bc-qdnsswhcq5jgpyiz3xj36dv9qo5wgtnkx7dbz88u60.png\",\"datePublished\":\"2023-10-10T14:19:52+00:00\",\"dateModified\":\"2023-11-13T10:15:47+00:00\",\"breadcrumb\":{\"@id\":\"https:\\\/\\\/www.sport28.fr\\\/index.php\\\/les-collectivites-labellisees-terre-des-jeux-2024\\\/#breadcrumb\"},\"inLanguage\":\"fr-FR\",\"potentialAction\":[{\"@type\":\"ReadAction\",\"target\":[\"https:\\\/\\\/www.sport28.fr\\\/index.php\\\/les-collectivites-labellisees-terre-des-jeux-2024\\\/\"]}]},{\"@type\":\"ImageObject\",\"inLanguage\":\"fr-FR\",\"@id\":\"https:\\\/\\\/www.sport28.fr\\\/index.php\\\/les-collectivites-labellisees-terre-des-jeux-2024\\\/#primaryimage\",\"url\":\"http:\\\/\\\/www.dev.sport28.fr\\\/wp-content\\\/uploads\\\/elementor\\\/thumbs\\\/csm_Terre_de_Jeux_2024_fond_blanc_999a3382bc-qdnsswhcq5jgpyiz3xj36dv9qo5wgtnkx7dbz88u60.png\",\"contentUrl\":\"http:\\\/\\\/www.dev.sport28.fr\\\/wp-content\\\/uploads\\\/elementor\\\/thumbs\\\/csm_Terre_de_Jeux_2024_fond_blanc_999a3382bc-qdnsswhcq5jgpyiz3xj36dv9qo5wgtnkx7dbz88u60.png\"},{\"@type\":\"BreadcrumbList\",\"@id\":\"https:\\\/\\\/www.sport28.fr\\\/index.php\\\/les-collectivites-labellisees-terre-des-jeux-2024\\\/#breadcrumb\",\"itemListElement\":[{\"@type\":\"ListItem\",\"position\":1,\"name\":\"Accueil\",\"item\":\"https:\\\/\\\/www.sport28.fr\\\/\"},{\"@type\":\"ListItem\",\"position\":2,\"name\":\"Nos labellis\u00e9s d\u2019Eure-et-Loir\"}]},{\"@type\":\"WebSite\",\"@id\":\"https:\\\/\\\/www.sport28.fr\\\/#website\",\"url\":\"https:\\\/\\\/www.sport28.fr\\\/\",\"name\":\"CDOS 28\",\"description\":\"Comit\u00e9 D\u00e9partementale Olympique et Sportif d&#039;Eure et Loir\",\"publisher\":{\"@id\":\"https:\\\/\\\/www.sport28.fr\\\/#organization\"},\"potentialAction\":[{\"@type\":\"SearchAction\",\"target\":{\"@type\":\"EntryPoint\",\"urlTemplate\":\"https:\\\/\\\/www.sport28.fr\\\/?s={search_term_string}\"},\"query-input\":{\"@type\":\"PropertyValueSpecification\",\"valueRequired\":true,\"valueName\":\"search_term_string\"}}],\"inLanguage\":\"fr-FR\"},{\"@type\":\"Organization\",\"@id\":\"https:\\\/\\\/www.sport28.fr\\\/#organization\",\"name\":\"Comit\u00e9 d\u00e9partemental olympique et sportif d'eure-et-loir\",\"alternateName\":\"cdos 28\",\"url\":\"https:\\\/\\\/www.sport28.fr\\\/\",\"logo\":{\"@type\":\"ImageObject\",\"inLanguage\":\"fr-FR\",\"@id\":\"https:\\\/\\\/www.sport28.fr\\\/#\\\/schema\\\/logo\\\/image\\\/\",\"url\":\"https:\\\/\\\/www.sport28.fr\\\/wp-content\\\/uploads\\\/2023\\\/10\\\/cdos_eure_et_loir_logo.jpg\",\"contentUrl\":\"https:\\\/\\\/www.sport28.fr\\\/wp-content\\\/uploads\\\/2023\\\/10\\\/cdos_eure_et_loir_logo.jpg\",\"width\":1000,\"height\":1000,\"caption\":\"Comit\u00e9 d\u00e9partemental olympique et sportif d'eure-et-loir\"},\"image\":{\"@id\":\"https:\\\/\\\/www.sport28.fr\\\/#\\\/schema\\\/logo\\\/image\\\/\"},\"sameAs\":[\"https:\\\/\\\/www.facebook.com\\\/CDOS28?locale=fr_FR\"]}]}<\/script>\n<!-- \/ Yoast SEO plugin. -->","yoast_head_json":{"title":"Nos labellis\u00e9s d\u2019Eure-et-Loir - CDOS 28","robots":{"index":"index","follow":"follow","max-snippet":"max-snippet:-1","max-image-preview":"max-image-preview:large","max-video-preview":"max-video-preview:-1"},"canonical":"https:\/\/www.sport28.fr\/index.php\/les-collectivites-labellisees-terre-des-jeux-2024\/","og_locale":"fr_FR","og_type":"article","og_title":"Nos labellis\u00e9s d\u2019Eure-et-Loir - CDOS 28","og_description":"Le label\u00a0#TerredeJeux2024\u00a0: Il vise tous les territoires et l\u2019ensemble du mouvement sportif d\u00e9sireux de participer \u00e0 l\u2019aventure Olympique et Paralympique. En Eure-et-Loir, de nombreuses structures, communes et communaut\u00e9s de communes [&hellip;]","og_url":"https:\/\/www.sport28.fr\/index.php\/les-collectivites-labellisees-terre-des-jeux-2024\/","og_site_name":"CDOS 28","article_publisher":"https:\/\/www.facebook.com\/CDOS28?locale=fr_FR","article_modified_time":"2023-11-13T10:15:47+00:00","og_image":[{"url":"http:\/\/www.dev.sport28.fr\/wp-content\/uploads\/elementor\/thumbs\/csm_Terre_de_Jeux_2024_fond_blanc_999a3382bc-qdnsswhcq5jgpyiz3xj36dv9qo5wgtnkx7dbz88u60.png","type":"","width":"","height":""}],"twitter_card":"summary_large_image","twitter_misc":{"Dur\u00e9e de lecture estim\u00e9e":"3 minutes"},"schema":{"@context":"https:\/\/schema.org","@graph":[{"@type":"WebPage","@id":"https:\/\/www.sport28.fr\/index.php\/les-collectivites-labellisees-terre-des-jeux-2024\/","url":"https:\/\/www.sport28.fr\/index.php\/les-collectivites-labellisees-terre-des-jeux-2024\/","name":"Nos labellis\u00e9s d\u2019Eure-et-Loir - CDOS 28","isPartOf":{"@id":"https:\/\/www.sport28.fr\/#website"},"primaryImageOfPage":{"@id":"https:\/\/www.sport28.fr\/index.php\/les-collectivites-labellisees-terre-des-jeux-2024\/#primaryimage"},"image":{"@id":"https:\/\/www.sport28.fr\/index.php\/les-collectivites-labellisees-terre-des-jeux-2024\/#primaryimage"},"thumbnailUrl":"http:\/\/www.dev.sport28.fr\/wp-content\/uploads\/elementor\/thumbs\/csm_Terre_de_Jeux_2024_fond_blanc_999a3382bc-qdnsswhcq5jgpyiz3xj36dv9qo5wgtnkx7dbz88u60.png","datePublished":"2023-10-10T14:19:52+00:00","dateModified":"2023-11-13T10:15:47+00:00","breadcrumb":{"@id":"https:\/\/www.sport28.fr\/index.php\/les-collectivites-labellisees-terre-des-jeux-2024\/#breadcrumb"},"inLanguage":"fr-FR","potentialAction":[{"@type":"ReadAction","target":["https:\/\/www.sport28.fr\/index.php\/les-collectivites-labellisees-terre-des-jeux-2024\/"]}]},{"@type":"ImageObject","inLanguage":"fr-FR","@id":"https:\/\/www.sport28.fr\/index.php\/les-collectivites-labellisees-terre-des-jeux-2024\/#primaryimage","url":"http:\/\/www.dev.sport28.fr\/wp-content\/uploads\/elementor\/thumbs\/csm_Terre_de_Jeux_2024_fond_blanc_999a3382bc-qdnsswhcq5jgpyiz3xj36dv9qo5wgtnkx7dbz88u60.png","contentUrl":"http:\/\/www.dev.sport28.fr\/wp-content\/uploads\/elementor\/thumbs\/csm_Terre_de_Jeux_2024_fond_blanc_999a3382bc-qdnsswhcq5jgpyiz3xj36dv9qo5wgtnkx7dbz88u60.png"},{"@type":"BreadcrumbList","@id":"https:\/\/www.sport28.fr\/index.php\/les-collectivites-labellisees-terre-des-jeux-2024\/#breadcrumb","itemListElement":[{"@type":"ListItem","position":1,"name":"Accueil","item":"https:\/\/www.sport28.fr\/"},{"@type":"ListItem","position":2,"name":"Nos labellis\u00e9s d\u2019Eure-et-Loir"}]},{"@type":"WebSite","@id":"https:\/\/www.sport28.fr\/#website","url":"https:\/\/www.sport28.fr\/","name":"CDOS 28","description":"Comit\u00e9 D\u00e9partementale Olympique et Sportif d&#039;Eure et Loir","publisher":{"@id":"https:\/\/www.sport28.fr\/#organization"},"potentialAction":[{"@type":"SearchAction","target":{"@type":"EntryPoint","urlTemplate":"https:\/\/www.sport28.fr\/?s={search_term_string}"},"query-input":{"@type":"PropertyValueSpecification","valueRequired":true,"valueName":"search_term_string"}}],"inLanguage":"fr-FR"},{"@type":"Organization","@id":"https:\/\/www.sport28.fr\/#organization","name":"Comit\u00e9 d\u00e9partemental olympique et sportif d'eure-et-loir","alternateName":"cdos 28","url":"https:\/\/www.sport28.fr\/","logo":{"@type":"ImageObject","inLanguage":"fr-FR","@id":"https:\/\/www.sport28.fr\/#\/schema\/logo\/image\/","url":"https:\/\/www.sport28.fr\/wp-content\/uploads\/2023\/10\/cdos_eure_et_loir_logo.jpg","contentUrl":"https:\/\/www.sport28.fr\/wp-content\/uploads\/2023\/10\/cdos_eure_et_loir_logo.jpg","width":1000,"height":1000,"caption":"Comit\u00e9 d\u00e9partemental olympique et sportif d'eure-et-loir"},"image":{"@id":"https:\/\/www.sport28.fr\/#\/schema\/logo\/image\/"},"sameAs":["https:\/\/www.facebook.com\/CDOS28?locale=fr_FR"]}]}},"_links":{"self":[{"href":"https:\/\/www.sport28.fr\/index.php\/wp-json\/wp\/v2\/pages\/944","targetHints":{"allow":["GET"]}}],"collection":[{"href":"https:\/\/www.sport28.fr\/index.php\/wp-json\/wp\/v2\/pages"}],"about":[{"href":"https:\/\/www.sport28.fr\/index.php\/wp-json\/wp\/v2\/types\/page"}],"author":[{"embeddable":true,"href":"https:\/\/www.sport28.fr\/index.php\/wp-json\/wp\/v2\/users\/1"}],"replies":[{"embeddable":true,"href":"https:\/\/www.sport28.fr\/index.php\/wp-json\/wp\/v2\/comments?post=944"}],"version-history":[{"count":44,"href":"https:\/\/www.sport28.fr\/index.php\/wp-json\/wp\/v2\/pages\/944\/revisions"}],"predecessor-version":[{"id":1437,"href":"https:\/\/www.sport28.fr\/index.php\/wp-json\/wp\/v2\/pages\/944\/revisions\/1437"}],"wp:attachment":[{"href":"https:\/\/www.sport28.fr\/index.php\/wp-json\/wp\/v2\/media?parent=944"}],"curies":[{"name":"wp","href":"https:\/\/api.w.org\/{rel}","templated":true}]}}